ors of h?
3, 5
Let v = -107 - -110. What are the prime factors of 2 - ((-1010)/5 + v)?
3, 67
Let r(c) = c - 2. Let b be r(-5). Let a = -22 - b. What are the prime factors of (-10)/a*(-39)/(-2)?
13
Suppose -4*c = -551 - 785. Let i = -175 + c. What are the prime factors of i?
3, 53
Suppose -8*m = 21*m - 19198. What are the prime factors of m?
2, 331
Let l be -6 + (4 - 2) - 3. What are the prime factors of (l + 82)*(1 + 0)?
3, 5
Let i = 1601 - 359. What are the prime factors of i?
2, 3, 23
Let z(j) = j**2 + 3*j - 14. Let g be z(-6). What are the prime factors of 18/g*((-10)/2 - -19)?
3, 7
Let p = -69 + 194. What are the prime factors of p?
5
Let i(w) = -w**3 - 15*w**2 + 28*w - 30. Let j be i(-16). Let x = -150 - j. List the prime factors of x.
2, 3
Let h = 10 - 13. Let y be 3 + h + -1 - -3. Suppose 4*f - 94 = -2*u, -y*f + 37 = -0*f - u. List the prime factors of f.
3, 7
Let i(b) = 3*b + 25. Let n be i(-10). Let d = 8 + n. What are the prime factors of (-1*d)/((-7)/70)?
2, 3, 5
List the prime factors of 1144/234*(135/(-6))/(-5).
2, 11
Suppose 2*i + u - 2333 = 0, -28*i + 2*u = -30*i + 2334. List the prime factors of i.
2, 11, 53
Suppose -1345 = -3*m - 2*d + 6*d, 0 = -m + 5*d + 452. What are the prime factors of m?
3, 149
Let c be 9*(-6)/63*-28. Let j = 84 + c. What are the prime factors of j?
2, 3
Suppose -5*n + 4452 = -0*n + 6*u, 5*u - 10 = 0. List the prime factors of n.
2, 3, 37
Suppose 286 = d + 3*y - 216, 5*d = y + 2542. What are the prime factors of d?
2, 127
Let w(i) = 2*i**2 + 22*i - 1. Let p be w(-11). List the prime factors of (-52 + 8)/(2*(0 + p)).
2, 11
Suppose s = 6*s - 735. Let m(z) = 2*z + 36. Let a be m(16). Suppose -3*x + 47 = -5*u - a, 3*u = -3*x + s. List the prime factors of x.
3, 5
Let c = 27 + -18. Suppose 2*v = v + c. Let q = 26 - v. List the prime factors of q.
17
Let c(p) = 48*p + 611. List the prime factors of c(60).
3491
Suppose -2*y - 5*a + 8575 = 0, -3*y = -y + a - 8579. What are the prime factors of y?
2, 3, 5, 11, 13
Let m = 28 + -25. Suppose 0 = -2*p - 2*w + 184, -4*p + 367 = m*w + 3. List the prime factors of p.
2, 11
Let b = 271 + -263. What are the prime factors of b?
2
Suppose 2*v = 0, -s - 2*v + 1 + 4 = 0. Suppose -s*q - 180 = -7*q. Let a = -34 + q. List the prime factors of a.
2, 7
Suppose -7*v + 11055 - 1080 = 0. Suppose -4*j + 1140 = 3*o, -5*j + v = -0*j + 4*o. List the prime factors of j.
3, 5, 19
Suppose -4*m + 12 = -16. Suppose m*q - 10*q = -318. What are the prime factors of q?
2, 53
Let w(h) = 137*h**2 + 13*h + 20. List the prime factors of w(-2).
2, 271
Suppose 5*z = -64 + 204. Suppose 0 = -w - 2*j + z, w - 4*w - 4*j = -74. What are the prime factors of w?
2, 3
Let r be 8/6*(-30)/(-1). Suppose 4*l + r - 124 = 0. Suppose -3*x + 33 = -l. What are the prime factors of x?
2, 3
Let y(m) = -m**3 - 9*m**2 + 11*m + 10. Let o be y(-10). Suppose o = -2*v - 2*v + 60. What are the prime factors of v?
3, 5
Let a(l) = 15*l**3 - 3*l**2 - 18*l - 3. Let p(f) = 7*f**3 - 2*f**2 - 9*f - 1. Let z(t) = -6*a(t) + 13*p(t). What are the prime factors of z(9)?
5
Let w(u) = -92*u - 62. What are the prime factors of w(-12)?
2, 521
Let f(v) = -3*v**2 + 3*v + 2. Let y be f(2). What are the prime factors of ((-4)/(-5))/(y/(-510))?
2, 3, 17
Suppose 159*l = 158*l - 2. List the prime factors of 2*(-173)/l + 2.
5, 7
Suppose g + 2271 = -16*x + 18*x, 5660 = 5*x + g. List the prime factors of x.
11, 103
Let a(o) = 18*o**2 - 2*o - 1. Let n = 22 + -18. Suppose -5*y + 4*m = -18, 2*y - 5*m - n = 5*y. List the prime factors of a(y).
67
Let b(t) = -2 + 0 + 18 + 4*t + 34*t**2 + 2. What are the prime factors of b(-3)?
2, 3, 13
Suppose -4*i = -6 - 2. Let z be 2 - i - 1*-1. Let f(t) = 13*t**3 - 2*t**2 + 2*t - 1. List the prime factors of f(z).
2, 3
Let t = -1346 - -1374. List the prime factors of t.
2, 7
List the prime factors of -6*9/108*-132.
2, 3, 11
Suppose 2*l + b = 10, -b = 3*b - 8. Suppose -318 = -2*j - 3*x, 0 = -l*j + x - 6*x + 632. What are the prime factors of j?
3, 17
Let r(n) = -9*n**2 - 10*n - 16. Let o(c) = -18*c**2 - 21*c - 31. Let v(u) = 2*o(u) - 5*r(u). List the prime factors of v(-4).
2, 5, 13
Let v = -44 - -62. Suppose v*k + 25 = 4*d + 19*k, 0 = 5*d - 5*k. List the prime factors of d.
5
Suppose 0 = -0*a - a + 38. Let x = 182 - 178. Suppose -l + a = x*i + i, 73 = l - 2*i. List the prime factors of l.
3, 7
Suppose 5*g - 635 = 4*p + p, -4*p - 480 = 3*g. List the prime factors of 18/(-30) - p/5.
2, 3
Let z be (-27)/((-1)/(-6)*1). Let u = z + 275. What are the prime factors of u?
113
Suppose 0 = -3*j - 47 - 613. Let t = j + 310. Suppose -60 = -3*x + v + 2*v, -5*x - 5*v + t = 0. What are the prime factors of x?
19
Let r(l) = l**2 - l + 9. Let j be r(6). What are the prime factors of j/52 + (-930)/(-8)?
3, 13
Let s = 39 + -41. List the prime factors of s/7 - 3834/(-42).
7, 13
Let w(v) = 4*v - 1. Let k be w(-1). Let o = k + 7. Let m = 1 + o. What are the prime factors of m?
3
Let m(r) = 4*r**2 + 8. Let p(q) = -q**2 + 13*q - 25. Let y be p(10). List the prime factors of m(y).
2, 3
Suppose -38*q = -25*q - 6552. List the prime factors of q.
2, 3, 7
Let b = -142 - -744. What are the prime factors of b?
2, 7, 43
List the prime factors of ((-22)/((-110)/(-591)))/(1/(-5)).
3, 197
Suppose -5*u = 3*c + 1255, 14*u + 1260 = 9*u - 4*c. Let r = u + 385. List the prime factors of r.
137
Let r(a) = 62*a + 110. What are the prime factors of r(4)?
2, 179
Suppose -5*n + 2*i + 1779 = -2*i, -5*i - 698 = -2*n. Suppose 5*m + 0*b - n = 2*b, 5*m - 365 = 5*b. List the prime factors of m.
71
Let w(h) = -h + 2. Let d be w(-5). Let b(z) = -1 - 2*z + 17 - d*z + 0*z. What are the prime factors of b(-5)?
61
Suppose 5*r - 13953 = -3278. Suppose 10*g - 3*g - r = 0. List the prime factors of g.
5, 61
Let m = -1 - -7. Let i(l) = -l**2 - 4*l - 1 - m*l + 4 + l. List the prime factors of i(-7).
17
Let u = -66 - -59. Let b(m) = m**3 + 9*m**2 - 3*m - 2. List the prime factors of b(u).
3, 13
Let h(z) = z + 2. Let i = 15 + -12. Let f be h(i). Suppose 0 = f*p - 17 - 3. List the prime factors of p.
2
Let v(s) = 12*s**2 - 4*s + 18. What are the prime factors of v(-6)?
2, 3, 79
What are the prime factors of (-1 - 3458)/(-3) - 6/1?
31, 37
Suppose 5*g - 3*d = 10, -5*g + 15 = -0*g - 2*d. Suppose 0 = -g*l - 3*w + 370, -42 = -l - 3*w + 44. What are the prime factors of l?
71
Suppose -5*y = -15 - 35. Suppose -3*k - 168 = -y*k. List the prime factors of k.
2, 3
What are the prime factors of ((2511/6)/3)/(56/112)?
3, 31
Suppose -2*i + 14 = 4*m, 8 = 2*m + i + i. Suppose -f - 4*h + 20 = 0, m*f + 3*h = 72 - 21. Let q = 34 - f. What are the prime factors of q?
2, 3
Suppose 3*d + 7 = -u, u + 13 = -d - 0. Let f = u - -21. Suppose -g + 21 = 2*m, -f*g - 4*m = -2*m - 105. What are the prime factors of g?
3, 7
Suppose -34*v = -21*v - 22958. What are the prime factors of v?
2, 883
Let n be (955 - 3)/4 + -1. Suppose -4*f = -j - 499, -2*f + j + 2*j = -n. What are the prime factors of f?
2, 3, 7
Let f = -76 + 80. Suppose -m + 18 = 3*j, -2*m + f*j + 46 = -0*m. List the prime factors of m.
3, 7
Suppose 20 = 6*h - h. Suppose -h*i = -i. Suppose 5*p - 9*p + 140 = i. List the prime factors of p.
5, 7
Let l(i) = i**3 - 13*i**2 - 31*i + 13. Let y be 1/(12/160)*(-12)/(-10). List the prime factors of l(y).
3, 5, 19
Let k(v) = 2*v - 10. Let x be k(14). List the prime factors of (2 + 7)/(x/204).
2, 3, 17
Let y = 2 - 8. Let z be 1*(-1)/((-1)/2). List the prime factors of (1/z)/(y/(-672)).
2, 7
Let r = 0 + 5. Suppose r*o - 6 - 19 = 0. Suppose o*a - 25 = 10. What are the prime factors of a?
7
Let v = 74 + -49. Let b be 1 + (11 - 3/(-3))*-2. Let u = v + b. What are the prime factors of u?
2
Suppose -7*k + 21*k - 1708 = 0. List the prime factors of k.
2, 61
Let a = -969 - -1390. What are the prime factors of a?
421
Let t = 1 + 2. Suppose 0 = -3*v - 5*k - 14, -11 = 3*v - t*k - 29. Let r(m) = 3*m**2 - 5*m + 4. What are the prime factors of r(v)?
2, 3
Let f(v) be the third derivative of -11/24*v**4 + 0*v + 0 - 1/60*v**5 - v**2 + 4/3*v**3. List the prime factors of f(-10).
2, 3
Let c be (-2 + -3 - -4)*-9. Suppose -4*t - 4*j = -23 - 13, 3*t + 2*j = 22. List the prime factors of ((-24)/(-18))/(t/c).
3
Let d(t) = -t**2 + 10*t - 3. Suppose 4*v + 6*o = 3*o + 32, -2*v - 4*o + 16 = 0. Let w be d(v). Suppose -w = 5*r - 108. List 